7. Let t(a) = 59*a + 25. Let o be (-6)/(2/(-4) - (-3)/(-12)). Let r(z) = o*v(z) - 5*t(z). Give r(-6).
5
Let s(f) = -23*f**2 + 4*f + 17*f**2 - 8*f - 4*f**3 - 8 - 4*f**3 + 7*f**3. Calculate s(-4).
-24
Let t(k) = 34*k - 166. Let q(x) = -51*x + 168. Let l(j) = 4*q(j) + 5*t(j). Determine l(-5).
12
Let f(i) = -i**3 - 4*i**2 - 4*i + 6. Let q be f(0). Let d(k) = 2*k**2 - 10*k - 14. Calculate d(q).
-2
Suppose -s - 3*x = 673, 0 = 3*s - 7*x + 3*x + 1967. Let c = s - -660. Let f(d) = -d**2 - 3*d - 1. What is f(c)?
1
Let w(m) = -4*m - 1. Let g(a) be the third derivative of a**6/120 + 7*a**5/30 - 17*a**4/24 - a**3 - 2*a**2. Let l be g(-15). Let u = l - 19. What is w(u)?
-21
Let r(x) = 2*x**2 - 14*x + 15. Let p be r(6). Suppose -13 = p*h + 5*o, -16 = -h + 3*h - 4*o. Let q = 0 + h. Let g(s) = s**3 + 5*s**2 - 6*s + 7. Determine g(q).
7
Let p(i) = i**3 - 5*i**2 + i + 3. Let s = 359 + -348. Suppose -s = -6*m + 19. Give p(m).
8
Let f(g) be the first derivative of g**2/2 + 12*g - 3533. Suppose -6 = 3*k + 3*q, 4*k - q + 26 = k. Give f(k).
5
Let z(p) be the second derivative of -p**7/840 + p**6/45 - p**5/15 - 5*p**4/24 - 13*p**3/3 - 27*p. Let n(l) be the second derivative of z(l). Calculate n(7).
-12
Let a(o) = 5*o + 3. Suppose 2543 = 4*k + 2539. Calculate a(k).
8
Let n(i) be the second derivative of -i**5/10 + 7*i**4/12 + 5*i**3/6 - 5*i**2/2 - 4*i + 128. What is n(4)?
-1
Suppose 0 = 70*a + 20*a - 19*a - 426. Let l(u) be the third derivative of 0 + 0*u - 24*u**2 - 1/60*u**a - 1/3*u**3 - 1/15*u**5 - 1/6*u**4. Give l(-2).
6
Let o(m) = -3*m + 8. Let v(s) = s - 4. Let z(p) = 2*o(p) + 5*v(p). Let r be (-4)/(24/21)*78/(-13). Suppose 0 = -7*n + r*n + 16*n. Give z(n).
-4
Let w(o) be the third derivative of -o**5/60 + 3*o**4/8 + 9*o**3 - 2*o**2 + 277. What is w(-4)?
2
Let r(g) = 6*g**2 + 2*g - 4. Let d = -551 + 573. Suppose 0 = d*a + 4 + 62. What is r(a)?
44
Let t be (1/2*(-11 + 11))/(-5). Let o(q) = 2*q - 12. Calculate o(t).
-12
Let s(q) be the first derivative of -q**3/3 + 7*q**2/2 - 6*q + 257. Let j be s(4). Let z(y) = y - 11. Give z(j).
-5
Let u(f) = f**2 - 5*f + 11. Let i be u(3). Suppose -i*m - 2*m = -42. Let z(s) be the second derivative of s**5/20 - s**4/2 + s**2 + 3*s. Give z(m).
2
Let v(x) = 3*x**2 + 21*x + 4. Let f be (-1)/(-5)*2 - 2272/355. Calculate v(f).
-14
Suppose -4*b + 0 - 20 = 3*t, -5*b - 6 = -t. Let q be (28/(-42))/(t/(-36)). Let n(w) = w**2 + 8*w + 4. Determine n(q).
-8
Let i(l) be the third derivative of -l**6/120 + l**5/15 - l**4/6 - 3*l**3/2 - 2*l**2 - 4*l + 53. Determine i(4).
-25
Let t(h) = -h**3 - 20*h**2 - 36*h - 6. Let s = -155 - -157. Let r be s/7 - 2304/126. Let a be t(r). Let v(x) = -x**3 - 5*x**2 + 9*x + 6. Determine v(a).
-12
Let n(d) = d**2 + 7*d - 69. Let w be n(5). Let q be 60/(-9)*w/(-6). Let i(p) = -p**3 - 11*p**2 - 9*p + 8. Determine i(q).
-2
Let i(m) = m**2 + 8*m + 13. Let d be i(11). Let b = 229 - d. Let v(c) = -c + 9. Calculate v(b).
2
Let i(q) = q**3 - q**2 + q - 28. Suppose 4 = f + 4. Suppose -3*a - 10 - 26 = f. Let x be 10/(-55) + (a/33)/(-2). Give i(x).
-28
Suppose -43*s = -45*s. Suppose s = 5*w, -263 - 191 = -2*i + 2*w. Let l(c) = i - 2*c - 226 + 0*c + c. Calculate l(-6).
7
Let c(z) = -4*z - 14. Suppose 14*d + 9*d = 63825. Let k be 2/(-11) - d/407. Determine c(k).
14
Let q(x) = 10*x + 11. Let s = 3512 - 3507. Determine q(s).
61
Suppose 19*b - 26*b = -42. Let z be 2/(-6)*17 - 2/b. Let w(f) = -4*f + 7. Calculate w(z).
31
Let b(j) = 3*j - 2. Let r(m) = 5*m - 3. Let q be r(4). Suppose -2*f + 23 = q. Let o be f/(-6) - 0 - 55/(-10). Give b(o).
13
Let o(y) = -3*y + 1 + y + 0*y + 0*y. Let j = 27 - 30. Let g be 0 - (-2 + (-3)/3)/j. What is o(g)?
3
Let b(z) be the third derivative of -z**6/120 - z**5/15 - 2*z**2 - 7*z - 6. Let o(y) = -y**2 + y - 4. Let j be o(0). Determine b(j).
0
Let f(r) = r**2 - r - 1. Suppose 8 = 2*g - 0*g. Let h(m) = m**2 - 14. Let v(u) = -4*u**2 + 55. Let n(k) = 9*h(k) + 2*v(k). Let l be n(g). Calculate f(l).
-1
Let n be -4*(-3)/12*1. Let j(f) = 255*f + 35. Let a(i) = 196*i + 27. Let b(k) = -13*a(k) + 10*j(k). Calculate b(n).
1
Let u = 13 + -21. Let k(m) = -m - 455. Let v(z) = 225. Let t(n) = k(n) + 2*v(n). Calculate t(u).
3
Suppose -30*x = -17*x. Let t(g) be the third derivative of 0*g - 1/3*g**4 + x - 1/60*g**5 - 12*g**2 - 1/2*g**3. Give t(-8).
-3
Let f(a) be the third derivative of 19*a**4/24 + 73*a**3/6 + 175*a**2 - 3*a. Give f(-4).
-3
Suppose -14*s + 32 = -10*s. Let m(c) be the third derivative of -c**5/60 + c**4/3 - c**3/6 + 2*c**2 - 81*c. Calculate m(s).
-1
Let s(n) = 14*n - 595. Let x be s(42). Let t(f) = -2*f**3 - 29 + 3*f**3 + 7*f**2 + 35 - 3*f. Determine t(x).
27
Let j(f) = -f**2 + f - 7. Suppose -2*g - 13*g = 60. Let r be 0/(2/(g - -3)). Calculate j(r).
-7
Let k(u) be the first derivative of u**4/4 + 20*u**3/3 + 19*u**2/2 - 26*u - 242. What is k(-19)?
-26
Let q(s) be the first derivative of 0*s + 1/3*s**4 - 18*s**2 - 15 - 1/60*s**5 + s**3. Let u(h) be the second derivative of q(h). What is u(7)?
13
Let d(l) = -l**3 + l - 5. Let k be ((-1)/(-4))/((-15)/(-600)). Suppose 5*z = -t - k, 2 = -3*t - 2*z - 2. Calculate d(t).
-5
Let c(i) be the first derivative of i**2/2 + 10*i - 261. Suppose 23*k = -13*k - 252. Determine c(k).
3
Suppose 166*l - 302 + 1412 = -56*l. Let d(i) = 7*i + 17. Give d(l).
-18
Let b(l) = -94*l + 1418. Let o be b(15). Let d = 4 - 4. Suppose -o*w - 46 - 2 = d. Let n(k) = k**3 + 6*k**2 - 2*k - 1. Calculate n(w).
11
Let w(s) = -7880*s + 15761*s + 8 - 7892*s. Give w(2).
-14
Suppose o + 5*x = 22, -4*o - o + x = -6. Suppose -2*d = 2*m - 6, -10 = -m + 2*d + o. Let z(k) = -m + 3 - k**2 + 13*k - 13*k. What is z(3)?
-12
Let s(d) = -d**3 + 8*d**2 + 13*d - 105. Let f be s(8). Let g(l) = -l**2 + 11*l + 12. Let v be g(12). Let u(p) = 4*p**2 + 18*p**2 + v + 1. What is u(f)?
23
Let b(m) be the second derivative of m**5/20 + 7*m**4/6 + 11*m**3/6 - 15*m**2/2 + 2010*m. Give b(-13).
11
Let k(s) = 181498 - 60499 - 60503 - 60507 + s. Suppose -14 = o - 3*o. What is k(o)?
-4
Let p(v) = 5 + 1 + 32*v - 1 - 4. Let x be 56/(-4) + (-46 - -59). Determine p(x).
-31
Suppose 4*r + 3*o = 303, 0*r - 4*o - 90 = -r. Suppose -75*k + 4*y = -r*k - 3, -k + 4*y = -15. Let d(s) = s**2 - 5*s + 2. Calculate d(k).
-4
Suppose -133*x = -174*x + 164. Let m(i) = 6*i**2 + 5*i - 10. Let a(o) = 5*o**2 + 4*o - 9. Let u(h) = -5*a(h) + 4*m(h). What is u(x)?
-11
Let c(g) = -g**2 + 8*g - 16. Let q be c(5). Let m(o) = 28*o**3 - 2*o**2 + 24*o**3 - 44*o**3 - o. Determine m(q).
-9
Let i(d) = d + 10. Suppose -916*a + 910*a = 66. What is i(a)?
-1
Let q(x) = -x**3 - 18*x**2 + 39*x - 18. Let y be q(-20). Let p be 24/64*4*y. Let g(r) = 2*r**2 - 9*r + 5. Determine g(p).
-4
Suppose -128 = 3607*s - 1800*s - 1791*s. Let g(d) = 8*d**2 + 58*d - 13. Give g(s).
35
Let u(x) = 11*x - 4. Let d(t) = -23*t + 10. Let p(m) = -4*d(m) - 9*u(m). Let w be (1 - -2)*1/(-3). Let o(a) = a + 1. Let y(f) = w*p(f) - 5*o(f). Give y(-2).
-5
Let m(i) be the second derivative of -i**5/60 - 2*i**3/3 + 32*i**2 - 34*i - 1. Let f(h) be the first derivative of m(h). Calculate f(3).
-13
Suppose 5033 - 4983 = 10*s. Let o(t) = 2*t**2 - 11*t. What is o(s)?
-5
Suppose 24*q + 5 = 25*q. Suppose -q = -l - 0. Let i(h) be the third derivative of h**4/6 - h**3 - 2*h**2. Give i(l).
14
Let l(u) = -25*u + 137. Suppose -5*o = 5*j - 65, -3*j - 5*o + 2 = -53. Give l(j).
12
Let u(p) = -p - 5. Let f(w) = -61 + 91 + 15*w - 152. Let n be f(8). Determine u(n).
-3
Let q be (-4)/(-6) - -193*7/21. Let a = 64 - q. Let v(o) = 5*o - 3. Let y be v(a). Let c(g) = -g**2 - 8*g - 6. Determine c(y).
-6
Let i be ((-70)/(-21))/(8 + 55/(-10)). Let s(x) be the first derivative of i*x**3 - 1/2*x**4 - 28 - x - x**2. What is s(2)?
-5
Let w(t) be the third derivative of t**4/24 + 7*t**3/6 + 1370*t**2. Let g = -26 - -37. Suppose -5*f - 4*v = 4, -2*f + 3*v + g = 31. Give w(f).
3
Suppose 126*y - 120 + 48 = -450. Let f(x) = -37*x - 97. Determine f(y).
14
Let b(x) = 60*x - 2 + 0*x**2 + 0 - 2*x**2 - 63*x + 3*x**3. Let k(w) = -4*w**3 + 2*w**2 + 2*w + 1. Let q(g) = -2*b(g) - 3*k(g). What is q(-1)?
-7
Let f be (2 - -2) + -2 - -4. Let y(d) be the first derivative of d**2 - 49303. Calculate y(f).
12
Suppose 0 = -4*b + 4*t + 8, -3*b - 3*t + 36 = 0. Let o(z) = 14*z + 19. Let x(y) = 5*y + 6. Suppose 3*g = 4*g - 17. Let u(a) = g*x(a) - 6*o(